e units digit of g?
3
What is the units digit of (-122)/(-8) - (-19)/(-76)?
5
Suppose -s - 4*v - 100 = 0, -2*v - 67 = 3*s + 183. Let z = -48 + s. What is the units digit of 6/30 - z/10?
3
Suppose -12 = k - 5*k. Suppose -3*x + 25 = 5*s - 0, 0 = -3*s + 6. Let f = x + k. What is the units digit of f?
8
Suppose 406 = 5*v - 3*x, 2*v + 5*x = 5*v - 250. Suppose 5*m + 0*m = v. What is the units digit of (-1 + 0)/((-2)/m)?
8
Suppose f = -3*f + 4, 4*f = 3*x - 5. Suppose -4*b + x = 11, -5*b = 2*p - 22. What is the tens digit of p?
1
Let q = -10 + -3. Let w = -6 - q. Let g(v) = -v**2 + 8*v - 2. What is the units digit of g(w)?
5
Let i = 88 - -2. What is the units digit of i?
0
Let r be -1 + -3*10/(-6). What is the units digit of r*(-1)/2 + 4?
2
Let t = -4 + 5. Let r = 0 + t. What is the units digit of 11 - r - (-6)/(-3)?
8
Let z be 4/18 + 136/36. Let l be 3 - (z + 2 + -1). What is the units digit of l*(21/(-6) + 1)?
5
Let b(k) = k + 5. Let a be b(5). Suppose -a = p + 4. What is the units digit of 0/4 - p/2?
7
Let n = -72 - -112. Let t(m) = m**2 + 4*m - 7. Let h be t(-6). Suppose w - h = -j, -4*w + 0*j + n = -j. What is the units digit of w?
9
Let k(p) = 3. Let q(c) = c + 1. Let x(y) = -k(y) + 2*q(y). Let h = -15 + 19. What is the units digit of x(h)?
7
Suppose r - 5*l = -0*l + 24, -16 = 4*l. Let m(h) = -h**3 + 4*h**2 + 2*h - 6. Let f be m(r). Suppose -f*c = 2*c - 36. What is the units digit of c?
9
Let b(n) = n**3 - 3*n**2 + 3*n. Let f be b(2). Let z(q) = 2*q**2 + 3*q - 1. Let h be z(f). Let p = -5 + h. What is the units digit of p?
8
What is the units digit of (-12)/8 - (-9)/2?
3
Let l(p) = -p + 16. Let g = 13 - 13. What is the tens digit of l(g)?
1
Suppose 3*w + 4*m = -44, 2*w + 7*m = 2*m - 34. Let b = 25 + w. What is the tens digit of b?
1
Let y be 2 - 8 - -3 - 1. Let w(s) = -3*s - 1. What is the units digit of w(y)?
1
Suppose 0 = p + 28 + 32. Let c(n) = -5*n**3 + 2*n**2 + 2*n + 1. Let k be c(-1). What is the units digit of p/(-18)*k/4?
5
Let b = 51 + -15. What is the units digit of b?
6
Let i(c) = -c**2 + 4. Suppose q + 2*q + 9 = 0. Let f be i(q). What is the units digit of 2 - (-2 - f) - -7?
6
Suppose -105 = -4*n + 159. What is the units digit of n?
6
Suppose 4*h - 24 = -4. Suppose 3*b + h*z = -2*b - 10, -4*b - 3*z - 9 = 0. What is the units digit of -1 + b/((-9)/12)?
3
Suppose 2*z + 16 = 3*z. Let h = z + -9. Suppose h = 5*w - 18. What is the units digit of w?
5
What is the units digit of (-6)/(-8) + 2/8?
1
Suppose f = -4*q - 16, -5*q + 3*q - 14 = 2*f. What is the units digit of -2 - (-3 - 2) - q?
6
Let h(c) = 31*c**3 - 4*c**2 + 4*c - 4. What is the hundreds digit of h(2)?
2
Suppose -6 - 3 = -3*g. Let u be (-4)/3*3/(-2). Suppose -32 = -8*l + 3*l - m, -g*l + 14 = -u*m. What is the units digit of l?
6
Let o = -5 - -45. What is the tens digit of o?
4
Suppose o + 260 = 6*o. Suppose 5*q - o = 3. What is the units digit of q?
1
Suppose 0 = -m + 5*m - 720. What is the units digit of m?
0
Suppose -104 = 12*b - 16*b. What is the tens digit of b?
2
Let v(q) = 7*q - 18. What is the tens digit of v(11)?
5
Suppose -4*z - 22 = v, 4*z = 2 + 6. Let h = v + 52. What is the tens digit of h?
2
Let x be 1*-21 + (5 - 7). Let g = x - -43. What is the units digit of g?
0
Let k be 80/4 + 2 + -1. Let b = k - 9. What is the tens digit of b?
1
What is the units digit of 298/5 - 2*2/(-10)?
0
Suppose -5*f = 85 + 5. Let m = -11 - f. Let g = m + -5. What is the units digit of g?
2
Let o be ((-65)/20)/(1/4). Let w = 24 + o. What is the units digit of w?
1
Let u = -39 + 65. What is the tens digit of u?
2
Let p = -33 + 155. What is the hundreds digit of p?
1
Let i = 6 - 0. What is the units digit of i?
6
Let n(s) = 2*s + 4. Let y be n(5). Suppose -4*o + 4*w = -4, 4*o - y + 4 = w. What is the tens digit of 16 - (-2)/(-6)*o?
1
What is the tens digit of (-1722)/(-24) + 2/8?
7
What is the units digit of 25*(-3 - (3 + -1 + -7))?
0
Let t(z) = 3*z**2 + z + 4 + 10*z**2 + z**2 - 13*z**2. What is the units digit of t(5)?
4
Let o(p) = -p + 14. Let l(n) = n - 4. Let a be l(-3). What is the tens digit of o(a)?
2
Let c = 9 - 5. What is the tens digit of c/((-8)/6) - -20?
1
Let q = 49 - 3. Let x = q - 28. What is the units digit of x?
8
Suppose -2*i + 3 + 3 = 0. Suppose -1 = 2*p - 4*c - 17, i*p = 5*c + 24. What is the units digit of p?
8
Let u(i) be the second derivative of i**3/2 - i**2 - 2*i. What is the units digit of u(3)?
7
Suppose 1 = -t - 1. Let a = 5 + t. What is the units digit of a?
3
Suppose -3*t = 112 - 28. Let z = -18 - t. What is the units digit of z?
0
Suppose m = 2*d + 16, 4*m - 88 = m - 2*d. What is the tens digit of m?
2
Let a = 32 + -15. What is the tens digit of a?
1
What is the tens digit of 62/3 + (-2)/(-6)?
2
Suppose x - 6*x + 10 = 0. Let o(n) = n**3 - n**2 - n + 1. Let p be o(x). Suppose -21 = -p*k - 6. What is the units digit of k?
5
Let n be (-8 - 0)/(8/4). Let w = -2 - n. What is the units digit of w?
2
Suppose 31 = 6*p - 275. What is the units digit of p?
1
What is the units digit of (-89)/(-1) + 4 + -2?
1
Let j(i) = -2*i + 2. Let g be j(-4). Suppose -w + g = r - 2*r, -2*r - 65 = -5*w. Let f = w + -8. What is the units digit of f?
7
Let w = 27 + -46. Let a = w + 27. What is the units digit of a?
8
Suppose 3*v - 36 - 15 = 0. What is the units digit of v?
7
Let n be (-8)/(-12)*(-6)/(-4). Let b(d) = -d**2 + 8*d - 5. Let k be b(7). Let w = k - n. What is the units digit of w?
1
Let s(w) = 5*w. What is the units digit of s(3)?
5
Suppose 0 = -x - 2*v + 2, -5*v + 3*v = -2*x + 16. Suppose -3*r = -4*r + x. Let n = 0 + r. What is the units digit of n?
6
Let z = 270 - 109. What is the tens digit of z?
6
What is the units digit of 0/3 - 4 - -142?
8
Let p be (3 - 12)/(3/2). Let g be (4/p)/((-3)/(-27)). Let r = g - -10. What is the units digit of r?
4
Let m(w) = w**2 - 7*w - 7. What is the units digit of m(11)?
7
Suppose -5*i + 2*h = -816, -5*i = -4*h - 431 - 391. What is the hundreds digit of i?
1
Let b(f) = 6*f**3 - 4*f**2 + f + 2. Let z(m) = -m**2 + 4*m + 2. Let v be z(4). What is the tens digit of b(v)?
3
Let v(q) = 3*q - 9. Let x be v(4). Suppose 186 = x*i + 3*i. What is the units digit of i?
1
Suppose -4*n + 28 = 5*u - 12, 5*n - 21 = u. Suppose -50 + 7 = -n*y + 2*w, y + 3*w + 5 = 0. What is the units digit of y?
7
Suppose -17*z + 14*z + 162 = 0. What is the tens digit of z?
5
Suppose 3*s - s + 4 = -f, -2*s + 2 = 4*f. Let y(v) be the third derivative of v**6/60 - v**3/3 - 4*v**2. What is the tens digit of y(f)?
1
Let z(c) = c - 5 + c - 2. Let t(r) = 4*r - 3. Let y be t(2). What is the units digit of z(y)?
3
Let y(l) = 10*l**2 - 5*l - 3. What is the hundreds digit of y(4)?
1
Suppose -4*n = -0*s + 5*s - 68, -3*s + 76 = 4*n. Let m be 1/2 + n/4. Let a(g) = 2*g - 1. What is the tens digit of a(m)?
1
Suppose -3*f = f - 48. What is the units digit of f?
2
Let a be (-2)/8 - 34/(-8). Suppose 11 = a*q - 29. What is the tens digit of q?
1
Suppose -v + 24 = -2*v. Let h = v - -45. What is the units digit of h?
1
Let b(h) = -13*h - 1. Let k be (-3 - -2)*(8 + -5). Let l = k - -2. What is the tens digit of b(l)?
1
Let u(d) = -d**2 + 3*d - 1. Let c be u(3). Let j(g) = 3*g - 5. Let p be j(-6). What is the units digit of (p - c)*2/(-4)?
1
Let r(p) = 210*p**2 - p - 1. Let z be r(-1). Suppose 0 = 8*g - 3*g - z. What is the tens digit of g?
4
Let n(k) = k**3 - k - 2. Let c be n(2). Let x(z) be the second derivative of -z**4/12 + z**3 + z**2/2 + z. What is the units digit of x(c)?
9
Let h(w) = w**2 + 4*w + 2. Let v be h(-4). Suppose 55 = v*o + 3*o. What is the tens digit of o?
1
Suppose 1 = -2*j + 5. Let s be 6/(-8) + 3/(-12). Let t = s + j. What is the units digit of t?
1
Let d be 0 + ((-3)/1 - -2). What is the units digit of ((-7)/2)/(d/2)?
7
Suppose 4*v - 8*w = -3*w + 98, -2*w - 4 = 0. What is the units digit of v?
2
Suppose 0 = -4*u + 4*o + 1168, -u + 4*o + 0*o = -301. What is the units digit of u?
9
Suppose 0 = -3*t - 4*g + 31 + 35, -3*t + 66 = -5*g. Let p = t + 11. What is the units digit of p?
3
Suppose 0 = 4*n + 1 - 21. Suppose -n*y + 5*i + 55 = 0, -i - 1 = -2. What is the units digit of y?
2
Suppose 3*b = -4*b + 1414. What is the hundreds digit of b?
2
Suppose -3*v + 0*v + i = 57, 0 = -5*v - 3*i - 81. Let x be (v/(-8))/(1/(-4)). What is the units digit of (-38)/(-6) + (-6)/x?
7
Let m be (